 + 3*f + 2. Suppose 2*j = -4*t + j + 11, 6 = 2*j. Suppose t*r = 5*r - 90. Let p be ((-8)/10)/((-4)/r). Calculate k(p).
-16
Let u(c) be the second derivative of -c**4/4 + 2*c**2 - 4*c. Let r = -65 + 62. Determine u(r).
-23
Let f(g) = -14 + 7*g**2 - 12*g**2 + g**3 + 5*g**2. Let n(c) = c. Let z(v) = -1. Let j(x) = -n(x) - 2*z(x). Let y be j(2). Calculate f(y).
-14
Let z(j) = -j**3 + 16*j**2 - 15*j + 12. Let w = 897 - 882. Determine z(w).
12
Let g = -378 + 384. Let c(p) = -p + 12. Determine c(g).
6
Let r(i) = -i. Suppose 3*g = g. Let f = -48 + 43. Let j = f + g. Calculate r(j).
5
Let u(w) = 11*w**2 + 7*w + 29. Let l(f) = f**2 + f + 1. Let k(d) = -2*l(d) + u(d). Let o(p) = -5*p**2 - 2*p - 14. Let t(i) = 6*k(i) + 11*o(i). Give t(9).
-1
Let z(f) = -f**2 + f - 2. Let q be 3 - (4 - 0) - -2. Let r(a) = -5*a**2 - a + 1. Let h be r(q). Let m be (-2)/h - (-13)/5. Calculate z(m).
-8
Let t(o) be the first derivative of -9*o**4 + o**3/3 + o**2/2 - o - 22. What is t(1)?
-35
Let z(u) = 2*u**2 + 2*u. Let g be (6/(-12))/(2/(-12)). Suppose g = -s + 4. Let c = s - -1. Give z(c).
12
Let d(m) = -2*m - 7. Let s(v) = -v - 4. Let x(n) = n + 1. Let t be x(-12). Let q(b) = t*s(b) + 6*d(b). Suppose 3 = g - 0*g. What is q(g)?
-1
Let f(q) be the second derivative of 3*q + 0 + 4*q**2 + 1/6*q**3. Calculate f(-7).
1
Let v(i) = 6*i - 5. Let y(c) = -3*c + 2. Let g(t) = 3*v(t) + 5*y(t). Suppose 2*s + 7 = 2*h + 3*h, -s + 2*h - 2 = 0. Give g(s).
7
Let q(d) = -d**3 + 4*d**2 + 2. Let o be (39/9 - 1)*45/30. Calculate q(o).
-23
Let o(j) = -3*j**2 + 5*j - 2. Let t(d) = d - 1. Let l(h) = -o(h) + 3*t(h). Let b(s) = 7*s**2 - 4*s - 3. Let y(v) = -2*b(v) + 5*l(v). Give y(-2).
9
Let r(x) = -x**3 + x**2 + x - 7. Suppose 0 = 2*u - 8*j + 4*j + 22, 11 = 3*u + 5*j. Calculate r(u).
26
Let a(d) = 1 + 0*d - 2*d + d. Suppose 0 = -n, -n + 19 = -p + 4*n. Let s be (-2)/2 + 0 - (-17 - p). What is a(s)?
4
Let g(z) be the first derivative of -2*z**2 + z + 79. Give g(4).
-15
Let l(y) be the third derivative of y**6/120 + y**5/10 - y**4/3 - 2*y**3/3 + 2*y**2. Let x(s) = s**2 - 8*s + 8. Let j be x(3). What is l(j)?
3
Let i(d) be the third derivative of d**7/840 + d**6/72 - d**5/120 + d**4/6 + 13*d**3/6 + 13*d**2. Let p(r) be the first derivative of i(r). Determine p(-5).
9
Let x(u) = -3*u - 6. Let o be x(-3). Let z(m) = -2 + 10*m**2 + 0*m**3 - 9*m**2 + m**o. Determine z(2).
10
Let s(g) = -g**3 + 8*g**2 - 8*g + 4. Let k be -1*(-6)/(-8)*-12. Suppose -4*c = 2*h + 8, -c = -3*h - k - 3. Suppose c = -4*m + 5 + 23. Calculate s(m).
-3
Let u be -7 + 19 + (3 - 0). Let p(b) = 4 + 3 + u*b - 1 - 5. Suppose 3*o = -2*o - 5. Determine p(o).
-14
Let j(w) = 0 + 11*w**2 + 17 - 5*w**2 - 23*w - 8*w**2. Let x be j(-12). Let l(n) = -n**2 + 5*n - 3. Determine l(x).
-3
Let l(f) = -1. Let u(m) = -m + 1. Let b(o) = -2*l(o) + u(o). Let k = 17 - 12. Suppose 3*i = 4*q - 15, 3*q + 2*i = k*i + 15. What is b(q)?
3
Let x(j) = -3*j + 9 - 17 - 16 - 3 - 13. Give x(-17).
11
Let x(m) = 3*m**3 - 6*m - 3. Let z be x(-2). Let t = 15 + z. Let j(f) = t + 3 + 0*f + 2*f - 2. Give j(-5).
-9
Let q(n) = 0*n - 2*n - 31 + 59. What is q(12)?
4
Suppose 0 = -2*k - 3 + 7. Let n(g) = -3*g + 36*g**2 + 1 - 35*g**k + 0. What is n(2)?
-1
Let f(r) be the third derivative of r**6/120 - 7*r**5/60 + r**4/24 - 5*r**3/6 - 5*r**2. Let d be f(7). Suppose d*p = p. Let j(w) = w + 4. Calculate j(p).
4
Let m(a) be the third derivative of a**2 - 3/8*a**4 + 0*a + 0 + 0*a**5 + 1/720*a**6 + 0*a**3. Let p(z) be the second derivative of m(z). Determine p(-6).
-6
Let x(q) be the second derivative of q**5/20 + 5*q**4/12 - q**3/3 - 7*q**2/2 - 9*q. Suppose 0 = h - 26*m + 28*m - 3, 0 = 2*m - 8. Determine x(h).
3
Let k = 13 - 30. Let z = -6 - k. Let j = 14 - z. Let q(h) = h**3 - 4*h**2 + 3*h - 1. Determine q(j).
-1
Let z(t) = -t + 1. Let k be 0 + (1 - 2)/1. Let l(o) = -o**2 - 6*o - 22. Let g(b) = k*l(b) - 6*z(b). Let q be g(-11). Let y(m) = m + 5. What is y(q)?
10
Let v(j) = -20*j**2 - j. Let p = 25 + -23. Suppose -p*z - 4*f + 7 + 7 = 0, -8 = z - 3*f. Calculate v(z).
-21
Let l be (-135)/(-75) + (-2)/(-10). Let u(d) = -8*d**l - 2*d**2 + 4*d**2 - 1 - d. Suppose 4*z - 3 = -7. What is u(z)?
-6
Let j(f) = -f**3 - 3*f**2 + 5*f + 3. Let b = -11 - -13. Suppose 4*n = 8, -b*n - 32 = -4*d + 2*n. Let z be d/35 + (-30)/7. What is j(z)?
-1
Let i(k) = -k - 6. Let s be i(0). Let x(z) = 5*z**3 + 19*z**2 + 13*z + 8. Let t(m) = m**3 + 4*m**2 + m. Let b(o) = 6*t(o) - x(o). Give b(s).
-2
Let x be ((-27)/18)/((-1)/2). Suppose 2*u + 15 = -3*b + u, 3*u + x = -2*b. Let t(q) = -q**3 - 7*q**2 - 9*q - 8. Determine t(b).
10
Let o(w) = 18*w - 10. Let y be o(3). Suppose 19*b = 15*b - y. Let m(d) = -d**3 - 10*d**2 + 11*d - 1. What is m(b)?
-1
Let g(j) = 47*j**2 - 5*j - 35*j**2 - 11*j**2 + 5. Determine g(1).
1
Let h(l) = -l**3 - l**2 + 4*l - 1. Let o(u) = 18*u - 345. Let z be o(19). Give h(z).
5
Let m(o) be the third derivative of o**5/60 + o**4/2 + 16*o**3/3 + 23*o**2 - 8*o. What is m(-8)?
0
Let y(b) = b**3 - 4*b**2 + 4*b - 3. Let v be (-1)/(-2)*36/1. Let a be 70/(-4) - 935/(-374). Let f = v + a. What is y(f)?
0
Suppose -z + 3*v - 7 = 0, -2*z = 13*v - 17*v + 12. Let n(c) = 0*c**2 + 3*c**2 - 2*c - 4*c**2 + 5. Give n(z).
-3
Suppose 5*u = -10, 0 = -2*j + 4*u + 13 + 3. Let x(q) = -q + 2 - 1 + 5 + j. Let f be x(11). Let h(v) = -7*v**2 - v - 1. Calculate h(f).
-7
Suppose -2*m = -x + 8, -5*m + 0*x - 21 = -3*x. Let r be ((-2)/(2/3))/m. Let h(f) = f**2 - 3*f**2 - 1 + 0 + f. Determine h(r).
-2
Let y(l) be the second derivative of -l**3 + 0 - 3*l**2 - 49*l + 1/12*l**4. What is y(5)?
-11
Let g(h) = h + 7. Suppose -4*w = -w - 12. Let l be ((-5)/2 + (-111)/(-74))*4. Let u = w + l. Calculate g(u).
7
Let s = -7 + 13. Let o(u) = -14*u - 4*u - 1 + s*u. Determine o(-1).
11
Suppose -4*v = -5*v + 2*f + 8, -2*f + 16 = 5*v. Let r(l) = -l**2 + 6*l + 5. What is r(v)?
13
Let t(w) be the second derivative of w**4/6 + 2*w**3/3 - w**2/2 - w. Suppose 286*c = 293*c + 21. What is t(c)?
5
Let w(y) = -1. Let i(j) = j + 1. Let c(z) = i(z) + 4*w(z). Suppose 72 = -22*l + 18*l. Let p = 21 + l. Calculate c(p).
0
Let p(z) = -z**2 - z + 1. Suppose 11*y - 2*y + 27 = 0. Give p(y).
-5
Suppose r + 8 = 2*k, -2*r - 5*k + 33 = 2*r. Let m(z) = -4*z - 2*z + 3*z**2 + 4*z - 4*z**r. Let g = 4 + -7. Give m(g).
-3
Let v(m) = -1 - 5*m**2 - 77*m**3 + 5*m**2 + 75*m**3 - 2*m. Let q be (3 - 4)*(0 - -1). Let r be v(q). Let t(k) = 2*k**3 - 4*k**2 + k - 4. Give t(r).
17
Suppose 2*t - 11*y = -15*y - 18, -4*t - 2*y = 66. Let x(i) = i**3 + 20*i**2 + 20*i + 24. Determine x(t).
5
Let d(p) = -p**2 - 11*p - 16. Let o be d(-9). Suppose -y + x = 2, -4*y + x + 2 + 2 = 0. Let c(r) = -7*r**o + 0*r - 4*r - y*r**2 + 8*r**2. Determine c(-2).
4
Let p(z) = -20 - 155*z - 198*z + 352*z. Give p(-14).
-6
Let l(v) = 4*v - 13*v + 8*v + 4. Give l(0).
4
Let j(b) be the first derivative of -b**4/4 + 4*b**3/3 + 5*b**2/2 - b - 1. Let m be (-60)/18 - 2/(-6). Let t be (-3)/m*(8 + -3). Determine j(t).
-1
Let d(g) be the third derivative of -g**5/60 + g**4/8 + g**3/6 + 7*g**2. Suppose 0*w - w = -6. Give d(w).
-17
Let t(d) = 7*d**3 + 5*d**2 + 4*d - 4. Let y(k) = k**3 + k**2 + k - 1. Let n(q) = -t(q) + 6*y(q). Let g = 12 - 22. Let b = -8 - g. What is n(b)?
-2
Suppose 0 = -3*x - 6*x. Let t(r) be the second derivative of 1/2*r**3 + 0 + r + x*r**2. Determine t(-3).
-9
Let x(t) = -t**2 + 1. Let v(n) = 2*n**2 - 5*n - 9. Let g(k) = -v(k) - 4*x(k). Calculate g(-4).
17
Let r(g) be the first derivative of 2*g**2 - 17*g + 37. Give r(5).
3
Let n(r) = 2454 - 6*r - 4894 + 4*r + 2479. What is n(17)?
5
Let t(h) = h**2 + 3*h - 5. Let k be 11/(-99)*-9*(-5 + -1). Calculate t(k).
13
Let h(j) = 2*j - 4. Let y be h(3). Let a(p) = -3*p**2 + 4*p + 3 + 4*p**y - 4 - 2*p. Suppose 4 = 2*z + 8. Determine a(z).
-1
Suppose 2*k + 18 = 5*k. Let h(a) = 0 + k*a - 5*a - 1. Suppose 3*c - 10 = -2*c. Give h(c).
1
Let o(q) be the first derivative of -q**6/120 + q**5/15 - q**4/12 + q**3/3 + 3*q**2 - 2. Let g(c) be the second derivative of o(c). Give g(3).
5
Let g(w) = 2*w**2 - 77 - 6*w**2 + 3*w**2 + 11*w + 87. Give g(9).
28
Suppose -28 = -4*y - 5*h, h = -y + 2*y + 2. Let m(w) = -4 + 3 + 5*w**2 + w**y. Let r(s) = -29*s + 929. Let j be r(32). What is m(j)?
5
Let k(n) = -n**3 - 4*n**2 - 2*n. Let l(m) = 4*m - 6. Let u be l(3). Suppose -2*i + 0*i - u = 0. Wha